(-2)). Let s(r) = -2076*r - 3. Is s(a) a prime number?
False
Let r = 466 - 53. Let m = -210 + r. Is m prime?
False
Let y(w) = 128*w + 9. Let h(k) = -5 + 10*k - 7 + 15*k**2 + k**3 - 7*k**2. Let f be h(-5). Is y(f) composite?
True
Suppose 75*n = 71*n - 7616. Let p = 4237 + n. Is p a prime number?
True
Is (322/(-56) - -5)/(6/(-119864)) a prime number?
True
Suppose 8*w + 4*x + 784 = 32704, 0 = 4*w + 3*x - 15962. Is w prime?
True
Suppose -6*i - 19 = -7. Let f be (0 - -1)*-1 + 0. Is (f - 88)/(i/2) a prime number?
True
Let g = -310 + 1397. Is g prime?
True
Suppose 4 + 0 = z. Suppose -z*p + 2*p = -2876. Suppose 431 = 3*b - p. Is b prime?
False
Suppose -316*f = -318*f + 7556. Is f a prime number?
False
Let t = -277 + 457. Let p = -104 + t. Suppose -3*s + 138 = 3*x, -3*s + p = -3*x - 62. Is s a prime number?
False
Suppose -11 = 2*t + 23. Let n = 17 + t. Suppose n*i - 618 = -2*i. Is i prime?
False
Suppose b + 3636 = 2*b + 4*y, -2*y = -2. Suppose 3*r + 1163 = n, -5*n + 2*r = -b - 2183. Is n composite?
False
Is 85913/6 + (-155)/186 prime?
False
Suppose l - 27210 = -29*l. Let f = -11 + 18. Suppose 6353 - l = f*n. Is n a composite number?
True
Let p be 0/(-5) - (1 + -1). Suppose p = 5*s - 464 - 281. Is s prime?
True
Let b be (-512)/10*(-10)/2. Suppose 2*q + 2*q = 4*k + b, 4*q + 5*k - 211 = 0. Is q composite?
False
Let n be -2*(-8 + 0) - 1. Let g be n/5 + (-2 - -3). Suppose -g*d + 382 = -2*d. Is d a composite number?
False
Let m be 3 + (-174)/54 + (-40)/(-18). Let y(p) be the second derivative of 28*p**3/3 + p**2/2 - 2*p. Is y(m) prime?
True
Suppose -66*w - 2886 = -72*w. Let p = w + -150. Is p a composite number?
False
Suppose -52 = 5*o - 47, 118825 = 3*k - 4*o. Is k prime?
True
Let t(k) = 63*k + 121. Is t(10) prime?
True
Suppose -2*v + 385 = 391, 0 = -4*w - v + 188305. Is w a prime number?
False
Suppose 2*m + 8 = 0, -2*v - 2*v - 5*m = 8. Suppose 0 = -5*w - v*y + 7*y + 17647, 2*y = -6. Is w prime?
True
Let j = -5026 - -12695. Is j prime?
True
Let t = 33488 + -17271. Is t a composite number?
False
Let p(u) = -138*u + 7. Let v be p(-7). Let l = -10 - -13. Suppose -l*d + v = -500. Is d a composite number?
False
Suppose -2*u = -s - 18224 + 2800, 0 = 5*u + s - 38553. Is u prime?
False
Let m(i) = i**3 - 11*i**2 - 10*i - 24. Let j be m(12). Suppose 5*c = -4*a + 4485, j = 2*c + a - 760 - 1031. Is c a prime number?
False
Let z(v) = -155*v + 28. Let h(o) = -465*o + 83. Let p(g) = -2*h(g) + 7*z(g). Is p(-7) composite?
True
Suppose 0*v = -2*s - 4*v + 8, 0 = -3*s - 2*v + 8. Suppose s = -2*j + j. Is (-291)/j*12/18 a prime number?
True
Suppose 0 = -30*o + 1283826 - 145296. Is o composite?
False
Let m be (24/(-3))/((-8)/316). Let k = m - -576. Is k/36 - 4/(-18) a composite number?
True
Let m(k) = 3*k**2 - 7*k - 4. Let l be m(-6). Suppose 0 = l*n - 141*n - 955. Is n a prime number?
True
Let p(b) = -b**3 - 15*b**2 - 15*b - 10. Let l be p(-14). Is (l/(-6))/(-2 - (-9368)/4686) composite?
True
Suppose -2*k = 0, 4*p + 124 - 4 = 3*k. Is (-3 - p/9)*1293 composite?
False
Suppose 11*c - 7906 = 16701. Is c composite?
False
Suppose -5*y - 85 - 325 = 0. Let i = 7 - y. Is i a composite number?
False
Is (161/(-21) - -8)/(2/666) a composite number?
True
Suppose 0 = -6*n + 9*n - 27. Suppose -3*j + 318 = 2*b, -n + 168 = b + j. Is b a composite number?
True
Suppose -3*r = o + 9, -o - 12 = o + 4*r. Suppose 0 = 2*n - 5*b - o*b - 3842, -4*n = -2*b - 7716. Is n composite?
False
Suppose 2*w = 7*w - 1085. Suppose -77 = y + 3*v - 16, -5*y - 3*v - 365 = 0. Let o = w - y. Is o prime?
True
Suppose 1011 + 4365 = x - 5*w, 25 = -5*w. Is x composite?
False
Suppose 4*k = 24 - 0. Suppose -k*o + 356 = -586. Is o a prime number?
True
Suppose 351*k - 365*k + 319046 = 0. Is k a prime number?
False
Let k(u) = -9*u + 49. Let x be k(5). Suppose -3*f + 3215 = 6*o - x*o, f - 1077 = -2*o. Is f prime?
True
Suppose -d + 4557 = q - 4941, -3 = -q. Suppose 3*k + 4*b + 2554 = 8237, 5*k + 2*b - d = 0. Is k a prime number?
True
Is (-3)/(-9) + (-555)/(-18)*98 a composite number?
True
Suppose 0 = -5*k - 4*d + 913, -427 = -4*k + d + 316. Is k a prime number?
False
Let l be -6 + 2 + -213 + -1. Let i = 267 - l. Is i composite?
True
Let f(q) = -q**2 - 9*q - 10. Let w be f(-7). Suppose -4205 = -i + 2*s, w*i - 3*s - 11150 = 5660. Suppose c - i = -5*b - c, -b = -4*c - 827. Is b a prime number?
True
Suppose 14 = u + 10. Suppose -z + 66 = 4*v, -7*z + 10*z = u*v + 118. Is z composite?
True
Is (6/(-4))/(-7 - 8580447/(-1225782)) a prime number?
True
Suppose 20*b + 37*b = 670947. Is b composite?
True
Let u(h) = h**2 - h + 4. Let t be u(-4). Suppose 2*o - t = -2*o. Suppose o = -a + 2, -2*b + 518 = -a. Is b composite?
False
Suppose 0 = 5*m + 4*a + 12, 0 = 4*m - 2*a + 6*a + 8. Let i be m/20 + 9/(-5). Is (-59)/(3 + i)*-1 a prime number?
True
Let h be (1 - -3)/(1/(-2)). Let q = h + -22. Let m = 89 + q. Is m prime?
True
Let g = 20672 + 60961. Is g composite?
True
Let s(o) = 293*o + 147*o - 3 + 1602*o. Is s(1) a composite number?
False
Let j = 830 + -1181. Let i = 291 + 737. Let h = i + j. Is h a prime number?
True
Let n = 830 - -537. Suppose 3*r + n = 6590. Is r prime?
True
Let b(t) = 2*t**3 - 30*t**2 + 67*t + 44. Is b(21) a composite number?
True
Suppose 2*n = 4 + 2. Suppose -y - n*u + 1341 = 2*y, 2*u = 6. Suppose y = -14*x + 18*x. Is x composite?
True
Suppose 3*g - 16200 = 21783. Is g a prime number?
False
Let g = 170 + -154. Suppose -9896 = -g*z + 11880. Is z a composite number?
False
Let p(t) = 44*t + 91. Is p(33) a composite number?
False
Let o = 965 - 592. Let c = 6 + -6. Suppose c*x + x = o. Is x prime?
True
Let u(y) be the third derivative of 397*y**5/60 - y**4/12 + y**3/3 + 27*y**2. Is u(1) a prime number?
True
Suppose -49690 = 19*u - 3082983. Is u prime?
False
Is ((-4)/10 - 336/60) + 1715 composite?
False
Suppose -5*r = c - 29 + 1, 5*r + 2*c = 31. Suppose r = 4*q - 7. Suppose 0*g + 571 = 3*t + g, -q*t + 577 = -2*g. Is t a composite number?
False
Suppose s + 1 - 5 = 0. Let c be 0 - (0 - (s + 153)). Suppose 0*i = i - c. Is i a composite number?
False
Suppose 15 = 2*f + 3*l, 4*f - 7*f + 5*l + 70 = 0. Is f prime?
False
Is -2*1076/(-16)*10 prime?
False
Suppose 14*t + 2*q = 12*t + 89498, t + 2*q - 44745 = 0. Is t a composite number?
False
Let p(i) = -i + 11. Let d be p(8). Let h be 66/d*(-45)/(-10). Is (-2 - 0/4) + h composite?
False
Let y = -16 + 4. Suppose -5*r + 4*r = -3*i - 1138, 4*i + 5*r = -1530. Is 3*(-2 + i/y) a prime number?
True
Suppose l + 0*l - 2*a + 8 = 0, 5*a = 15. Is ((-6)/18)/(13906/6954 + l) a prime number?
False
Suppose -5*c + 69 = r, 3*c - 2*c = r + 15. Let n = c + 17. Is n composite?
False
Let t = -11440 + 17659. Let y = t - 2170. Is y prime?
True
Suppose -50*x + 51*x - 2317 = 0. Is x composite?
True
Let i = 14702 + -9264. Is i a composite number?
True
Let f = 4 + -1. Let c be (f/4)/((-8)/(-2496)). Suppose -2*b = 2*v - c, -3*v - 1 = 5. Is b a composite number?
True
Let d(r) = 4*r - 3. Let z(l) = -31*l + 25. Let n(y) = -51*d(y) - 6*z(y). Suppose -5*a = 11 + 4. Is n(a) a prime number?
False
Let o(w) = 4*w**2 + 48*w + 27. Is o(-35) a composite number?
True
Suppose 9*t - 15*t + 16914 = 0. Is t composite?
False
Let y = 71 + -77. Let u(t) = -17*t + 5 - 3*t - 4. Is u(y) composite?
True
Suppose 9*o - 26346 = 3*o. Is o prime?
True
Let p(t) = -209*t + 7. Let z(s) = -s**2 - 5*s + 1. Let f be z(-4). Suppose f*n = n - 24. Is p(n) a composite number?
True
Let o(s) = 2946*s**3 + 4*s - 3. Is o(1) prime?
False
Suppose -4*a - 2 = -2*l, -l - 3*l - a - 32 = 0. Let d = 52 - 34. Let w = d - l. Is w prime?
False
Suppose 0 = -4*k - 3*f + 1885, k + 3*f - 296 = 182. Is k a prime number?
False
Let c = -2697 - -12686. Is c a prime number?
False
Let q = -30 + 17. Let u = -9 - q. Suppose -585 = -u*d - 77. Is d composite?
False
Let b = 514 - -277. Is b composite?
True
Let p = -318 - -484. Let g = p + 580. Is g a prime number?
False
Suppose v = -4*f + 3*v + 336, 2*f - 168 = -5*v. Let g = f + 353. Is g prime?
False
Suppose 787 = -35*n + 34*n. Is 8/12 + 4/(-6) - n a composite number?
False
Let d(m) = m**2 + 10*m + 5. Let o be d(-2). Is (1017 + o)*(-15)/(-6) prime?
False
Is -3 + 0 - 1 - (-14265 + 6) a prime number?
False
Suppose 7463 - 942 = u. Is u composite?
False
Let x(n) = -691*n + 143. Is x(-18) a prime number?
False
Suppose -r + 63 = 8*r. Suppose 